{"id":56,"date":"2015-01-09T10:09:02","date_gmt":"2015-01-09T10:09:02","guid":{"rendered":"http:\/\/www.amis-derbous.net\/?page_id=56"},"modified":"2018-07-09T22:46:08","modified_gmt":"2018-07-09T20:46:08","slug":"remerciements","status":"publish","type":"page","link":"https:\/\/www.amis-derbous.net\/index.php\/qui-nous-sommes\/remerciements\/","title":{"rendered":"Remerciements"},"content":{"rendered":"<p>Ce site a un caract\u00e8re exp\u00e9rimental.<\/p>\n<p>Merci \u00e0 la soci\u00e9t\u00e9 Bytewise pour son soutien technique<\/p>\n","protected":false},"excerpt":{"rendered":"<p>Ce site a un caract\u00e8re exp\u00e9rimental. Merci \u00e0 la soci\u00e9t\u00e9 Bytewise pour son soutien technique<\/p>\n","protected":false},"author":1,"featured_media":0,"parent":11,"menu_order":0,"comment_status":"closed","ping_status":"open","template":"","meta":{"footnotes":""},"class_list":["post-56","page","type-page","status-publish","hentry"],"_links":{"self":[{"href":"https:\/\/www.amis-derbous.net\/index.php\/wp-json\/wp\/v2\/pages\/56"}],"collection":[{"href":"https:\/\/www.amis-derbous.net\/index.php\/wp-json\/wp\/v2\/pages"}],"about":[{"href":"https:\/\/www.amis-derbous.net\/index.php\/wp-json\/wp\/v2\/types\/page"}],"author":[{"embeddable":true,"href":"https:\/\/www.amis-derbous.net\/index.php\/wp-json\/wp\/v2\/users\/1"}],"replies":[{"embeddable":true,"href":"https:\/\/www.amis-derbous.net\/index.php\/wp-json\/wp\/v2\/comments?post=56"}],"version-history":[{"count":1,"href":"https:\/\/www.amis-derbous.net\/index.php\/wp-json\/wp\/v2\/pages\/56\/revisions"}],"predecessor-version":[{"id":327,"href":"https:\/\/www.amis-derbous.net\/index.php\/wp-json\/wp\/v2\/pages\/56\/revisions\/327"}],"up":[{"embeddable":true,"href":"https:\/\/www.amis-derbous.net\/index.php\/wp-json\/wp\/v2\/pages\/11"}],"wp:attachment":[{"href":"https:\/\/www.amis-derbous.net\/index.php\/wp-json\/wp\/v2\/media?parent=56"}],"curies":[{"name":"wp","href":"https:\/\/api.w.org\/{rel}","templated":true}]}}